Suppose 45*d - 43*d = 10. Let p = d - q. What is the units digit of p?
7
Let s be (-39)/6 + 2/4. Let g(j) = -5*j + 33. What is the units digit of g(s)?
3
Suppose -s + 35 = -24. Let v be (0/(-2 - -1))/(-1)*-1. Suppose 0 = p + 2*f - s, -p + 2*f + 67 = -v*f. What is the tens digit of p?
6
What is the tens digit of ((-20)/(-60))/(3/9972)?
0
Let n(x) = 2*x**2 + 14*x + 13. Suppose -3*a + 36 = -3*g, 3 = 4*a - 1. What is the units digit of n(g)?
1
What is the hundreds digit of -814*((-2)/10)/(24/60)?
4
Let g = -21 + 37. Suppose -g*t + 13*t = -141. What is the tens digit of t?
4
Let d be (-5)/(-20) - 177/(-12). Suppose 2*o - d = -1. Suppose -2*f + 3 = -o. What is the units digit of f?
5
Let l(c) = 3*c**2 + 4*c + 7. Let w be l(-2). Suppose -r + 2*r + 2*z = w, -5*r + 55 = 4*z. What is the tens digit of r?
1
What is the tens digit of 10 + -8 - (-405)/((-3)/(-3))?
0
Let c(x) = -5 + 3*x + 8*x**2 - 9*x**2 + 9*x. What is the tens digit of c(10)?
1
Let s = -2445 + 2859. What is the hundreds digit of s?
4
Suppose o = -4*n - 0*o + 1863, 4*o - 12 = 0. What is the tens digit of n?
6
Let f = 46 + -54. Let n(h) = -h**3 - 6*h**2 - 5*h + 4. Let l be n(-6). Let g = l + f. What is the tens digit of g?
2
Suppose -36 = 3*q + 3. Let f(t) = -26*t - 1. What is the units digit of f(q)?
7
Suppose -1 - 23 = -3*y. Let n(q) = -7*q - 6 + 2 - y*q + 3*q. What is the tens digit of n(-3)?
3
Let f = -4275 + 7212. What is the tens digit of f?
3
Suppose 28 = -v + 10. Let t(f) = -f**3 - 18*f**2 - 6. Let z be t(v). What is the tens digit of 34 + -6*(-4)/z?
3
Suppose d = -i + 5*i + 14, -5*i = -d + 17. Suppose d = -v + 13. Suppose 270 = 16*m - v*m. What is the tens digit of m?
5
Let d = 82 + -44. Suppose 8 - d = -3*t. What is the units digit of (-4)/t + (-37)/(-5)?
7
Let v(l) = l - 4. Let a be v(8). Suppose q = 0, 15 = 5*n + a*q + 5. Suppose -n*o + 98 - 16 = 0. What is the tens digit of o?
4
Let v be (-318)/(-18) - (-1)/3. Suppose 0 = -4*g + 2*g + v. What is the units digit of g?
9
Suppose 0 = -15*i + i + 28224. What is the tens digit of i?
1
Suppose f - 3*s = 32, -4*f + 3*f - 2*s + 37 = 0. Let y = 58 - f. What is the units digit of y?
3
Let j be -3 - -3 - 0 - (-36)/2. What is the tens digit of 6/27 + 518/j?
2
Suppose 5*z = 8*z - 18. What is the tens digit of (-4)/22 + z/(330/1055)?
1
Let h(f) = f**3 - 4*f**2 + 2*f - 2. Let j = 1 + 2. Let a be h(j). Let v = a - -23. What is the tens digit of v?
1
Let i(q) = 2*q + 1. Let m(f) = 19*f - 48. Let n(c) = -i(c) + m(c). What is the units digit of n(14)?
9
Let n(h) = 7*h + 210. What is the hundreds digit of n(0)?
2
Let b(a) = -2*a - 8. Suppose -3*f = f + 12. Let j(m) = m - 3. Let r be j(f). What is the units digit of b(r)?
4
Let d(p) = -p**2 - 7*p - 5. Let v be d(-5). Suppose t + v = n, -5*n + 34 = 2*t - 5. Let z = 15 - n. What is the units digit of z?
8
Let d be (-18)/((-15)/5) + 2. Let a = 44 - d. What is the units digit of a?
6
Let m(k) = -k**2 + 11*k - 15. Let j be m(7). Let p(u) = -u**3 + 15*u**2 - 7*u + 11. What is the tens digit of p(j)?
5
Let u(m) = m**3 + 11*m**2 + 11*m + 13. Let c be u(-10). Suppose -2*s + 288 = -c*q, 444 - 5 = 3*s - q. What is the hundreds digit of s?
1
Let j be 6*(7/(-2) + 3). Suppose p - 23 = -d, 0*p - d = -p + 23. Let x = p + j. What is the tens digit of x?
2
Let k = 18 - 14. Let b be -86 + 8/(0 + k). What is the tens digit of ((-60)/(-14))/((-12)/b)?
3
Let l be (1 - 0 - 2) + 5. Let f = 123 + -96. Let s = l + f. What is the units digit of s?
1
Suppose 5*p + 9 = 2*g + 32, 5*g + p - 10 = 0. What is the tens digit of ((-2)/3)/(g/(-123))?
8
Let k(w) = 4*w**2 + 23*w - 213. What is the hundreds digit of k(20)?
8
Let c = 80 - 75. What is the units digit of 2/c + (-2812)/(-20) + -6?
5
Suppose -5*y - 4*k + 3 = -3, -4*y + 13 = -5*k. Let p be (-7)/28 + y/8. Let v = 35 + p. What is the units digit of v?
5
Suppose 6*y - 2064 = 228. What is the tens digit of y?
8
Suppose -3*t - 15 = 0, 3*m - 298 = 2*t - 0*t. Suppose 101*x = m*x + 1235. What is the hundreds digit of x?
2
Let v(c) = 17*c**2 + 12*c + 9. What is the tens digit of v(7)?
2
Let d = -35 + 50. Suppose -5*x = -10 - d. Suppose -128 = -x*p + p. What is the tens digit of p?
3
Suppose 0 = v + 25 - 51. What is the units digit of v?
6
Let y = -1513 - -3179. What is the hundreds digit of y?
6
Let x be 18/63 + (-54)/(-7). Suppose 2*z = 6*z - x. Suppose -4*h + 16 = -z*h. What is the units digit of h?
8
Suppose 5*k - 6*w = -4*w + 291, -3*w = -6. What is the tens digit of k?
5
Let d = -22 - -31. Suppose 2*c + d = -15. What is the units digit of (20/c)/(1/(-18))?
0
Let z = -196 - -286. Let h = z - 168. Let v = h + 113. What is the units digit of v?
5
Let b be 0/(2/(-2) + 1 + 2). Suppose 2*r = 3*r. Suppose r = -b*y - 5*y + 120. What is the units digit of y?
4
Suppose 3*p + 3*k - 90 = 0, 4*p - 4*k - 63 = 17. What is the hundreds digit of 1338/10 + (-20)/p?
1
Let x = 58 - 42. Suppose 0 = 11*y - x*y + 125. What is the tens digit of y?
2
Let u = -330 + 381. What is the units digit of u?
1
Suppose 105 = 3*n - 0*n. Let x = n + 8. What is the tens digit of x?
4
Suppose 11 = -3*v - 43. Let d = 55 + v. What is the units digit of d?
7
Let m(j) = j**2 - 6*j + 3. Let x be m(6). Suppose 0 = -x*z - 5*v + 90 + 157, 4*z - 3*v - 310 = 0. What is the tens digit of z?
7
Suppose 33*x = 27*x + 330. What is the units digit of x?
5
What is the hundreds digit of 157 - -3 - (-1 + 3 + -5)?
1
Suppose 0 = -2*q + 4*g + 496, -5*q - 5*g - 980 = -9*q. What is the tens digit of q?
4
Suppose 4*f + 2*k = -k + 67, -49 = -3*f - k. Let z(r) = -5*r**3 - 3*r**2 - r. Let c be z(-2). Let b = c - f. What is the tens digit of b?
1
What is the units digit of 2142 - -5 - (10 + 2)/4?
4
Let p(r) be the first derivative of 15*r**2/2 + 61*r + 30. What is the hundreds digit of p(10)?
2
Let v(h) = -h**3 + 14*h**2 - 11*h - 18. Let y be v(13). Let i(x) = -8*x**3 - 3*x**2 + x. Let b be i(-3). Suppose b = -2*w + y*w. What is the units digit of w?
1
Let b be (-1 + 11/3)*60. Suppose -a + 3*i = -0*i + 8, 5*i = -a - 40. What is the units digit of (-30)/a*b/6?
0
Suppose 0*x + 2 = -2*x. Let q be (0 + x)/(2/(-6)). Suppose -3*k + 9 = g, -g + 11 = -q*k + 4*k. What is the units digit of g?
2
Let a(f) = -f**2 - 9*f + 8. Let n(p) = -4*p**2 - 37*p + 31. Let v(b) = 9*a(b) - 2*n(b). Let x = -18 + 11. What is the tens digit of v(x)?
1
Suppose -2*g = -8, 0 = 3*c - 5*c + 2*g + 692. What is the hundreds digit of c?
3
Let o = 77 + -86. What is the tens digit of (-46)/(-3)*o/(-6)?
2
Suppose 0*a + 2*a - 6 = 0. Let c(v) = 3*v**3 - v**2 + 2*v + 2. What is the tens digit of c(a)?
8
Let g(q) = -2693*q**3 + 5*q**2 + 2*q - 4. What is the hundreds digit of g(-1)?
6
Let v be (-12)/(-8)*(-4)/3. Let n = v + 2. Suppose -1 = -4*q - 5*b + 10, 2*q + b - 13 = n. What is the units digit of q?
9
Suppose -4*h - 3 + 11 = 0. Suppose 3 = -h*b + 3*b. Suppose -5*f + f = -4*k + 180, -b*f = -4*k + 178. What is the units digit of k?
3
Let z be 4*(-1)/(16/(-44)). Suppose -62 + z = -b. What is the tens digit of b?
5
Let t = -1630 - -2824. Suppose -4*v + t = 2*v. What is the hundreds digit of v?
1
Let l be (3 + -16)*(-36)/14*7. Let c = l - 165. What is the units digit of c?
9
Let x(s) = s**3 - 21*s**2 + 27*s - 33. Let f(k) = 2*k**3 - 41*k**2 + 54*k - 65. Let u(v) = 3*f(v) - 5*x(v). What is the tens digit of u(17)?
4
Suppose -4*o + 608 = -z, -3*z + 4*o - 2408 = z. Let r = -347 - z. What is the units digit of r?
3
Let d(q) = -q**3 + 6*q**2 - 8*q + 15. Let b be d(5). Suppose b = 3*h + n - 187, h - 4*n = -2*n + 60. What is the tens digit of h?
6
Let g = -7 - -13. Suppose g*r - 3*r + 18 = 0. Let f(o) = -4*o + 4. What is the tens digit of f(r)?
2
Let x(d) = -d**3 - 4*d**2 - 3*d - 5. Let z be (-33)/(-15) + 1/(-5). Suppose -5*t - 20 = -2*m, -3*m + z*m + 16 = -4*t. What is the units digit of x(t)?
7
Suppose 0 = 41*d - 43*d + 134. Let t = 5 + d. What is the units digit of t?
2
Let d be 4/6 - (-8150)/15. Let l be 1/(-2) - (-370)/20. What is the tens digit of (-4)/l + d/18?
3
What is the hundreds digit of 4 - (-11457)/(1 + 8)?
2
Let o = 191 + 1355. What is the units digit of o?
6
Suppose 0 = 17*f - 2*f - 5055. What is the tens digit of f?
3
Let m = -872 + 1360. What is the hundreds digit of m?
4
What is the units digit of 2760/(-75)*(-8)/(80/1475)?
8
Let p(f) = 6*f**2 + f - 3. Let q be p(-3). Let s be